 - 5*p**2 + 5*p - 49. Let z(s) = 2*s**3 + 21*s**2 + 10*s + 6. Let l be z(-10). Calculate the remainder when 66 is divided by o(l).
15
Let y be ((-1397)/(-5) - -3) + 2/(-5). Let g = 291 - y. Calculate the remainder when 161 is divided by g.
8
Suppose -1641 - 450 = -17*d. Suppose -d*l + 117 = -114*l. Suppose 81 + 19 = 4*s. What is the remainder when s is divided by l?
12
Suppose 0 = -3*k + 416 + 43. Suppose 4*h + 143*l - 141*l - 224 = 0, 4*l - 70 = -h. Calculate the remainder when k is divided by h.
45
Let p be 16/2 + 4 + -3. Suppose p*i = -3*i + 204. What is the remainder when 45 is divided by i?
11
Let h be (38/57)/(2*(-2)/6). Let g be (h - -2)/((-8)/(-24)). Suppose -k = 2*k + u - 63, g*u - 84 = -4*k. Calculate the remainder when 80 is divided by k.
17
Let q(n) = 26*n - 1252. What is the remainder when 483 is divided by q(53)?
105
Let n = 238 + -222. Suppose 2*a = m + 8, 0 = -2*a - 0*m + 2*m + 12. What is the remainder when (a + -2 + 58)/(5 + -3) is divided by n?
13
Let s = -2 - -143. Let x = s + -118. Suppose 6*q - 4*f - 40 = q, -40 = -5*q + 5*f. What is the remainder when x is divided by q?
7
Let d be (-3 + 27/6)*(-300)/(-9). Suppose -49*w + d*w + 65 = 0. Let s = w - -139. Calculate the remainder when s is divided by 19.
17
Let w = 51 - -55. Suppose -7 = -37*q + 36*q. Suppose -q*h + 54 = -5*h. What is the remainder when w is divided by h?
25
Let m = 39 + 69. Suppose -m - 564 = -16*x. Calculate the remainder when 162 is divided by x.
36
Suppose -3*f - 4*x + 509 = 0, 26*f + 4*x = 27*f - 175. Calculate the remainder when 380 is divided by f.
38
Let f be (3/5)/(3/(-15))*-1. Suppose v = 3*v + 4*t - 12, -f*v + 13 = t. Calculate the remainder when 172 is divided by (3 + (-94)/(-2))*2/v.
22
Suppose 94*x - 95*x + 39328 = 5*t, 39314 = 5*t + 3*x. What is the remainder when t is divided by 183?
181
Suppose 14*d - 15*d + 15 = 0. Let s = -8 - -10. Suppose -5*l = 4*g - 46, -s + d = g + 2*l. Calculate the remainder when 44 is divided by g.
8
Let z = -23210 + 23051. Suppose -2*a - 3*a + x + 1462 = 0, -5*a - 2*x = -1471. Let f = z + a. What is the remainder when f is divided by 46?
42
Suppose -6663*c + 6658*c + 984 = -62226. What is the remainder when c is divided by 19?
7
What is the remainder when 271 is divided by ((-55)/22 + 2)*(-72 - -2)?
26
What is the remainder when 267 is divided by 2/5 - (-34008)/780?
3
Let s = 174435 - 174348. Calculate the remainder when ((0 - 0) + -1)*-607 is divided by s.
85
Let g = 322 + -308. Suppose 0 = g*j - 30 - 96. Calculate the remainder when 22 is divided by j.
4
Let d(h) = -4*h - 28. Let f be d(-24). Suppose 0 = 163*t - 167*t + f. Calculate the remainder when 218 is divided by t.
14
Suppose -3*r + 2 + 31 = 0. What is the remainder when 508 is divided by r?
2
Suppose 2*j + 80 = -150. Let g = j - -152. What is the remainder when 219 is divided by g?
34
Let l(p) = p**3 + 7*p**2 - 22*p. Let b(r) = -6*r**3 - 5*r**2 + 6*r + 3. What is the remainder when l(-8) is divided by b(-2)?
17
Suppose 5*p - 8*p + 234 = 0. Suppose -5*f + 46 = -54. Calculate the remainder when p is divided by f.
18
Let g(w) = -w**2 + 977*w + 9147. Calculate the remainder when g(0) is divided by 176.
171
Calculate the remainder when 1294 is divided by (-434 - (-35)/5)/(-15 + 14).
13
Suppose 85 - 10 = v. Calculate the remainder when v is divided by 12 + 13 + 2 + -7.
15
Suppose 2*a - 5*d = 54, a - 16 = -3752*d + 3749*d. What is the remainder when 46 is divided by a?
2
Let u = -465 - -2381. Calculate the remainder when u is divided by 477.
8
Suppose -719*f = 657*f - 56416. Calculate the remainder when ((-3)/4)/((-1)/152) is divided by f.
32
Let b(h) be the first derivative of -7*h**2/2 + 4*h + 4. Let s be b(-4). Let f = s - 25. Calculate the remainder when f is divided by 2.
1
Suppose 2*m + 203 = 8*a - 5*a, 3*a - 4*m - 211 = 0. Let o = 306 - 275. What is the remainder when a is divided by o?
3
Let l(c) = 10*c**3 - 16*c**2 + 18*c - 23. Calculate the remainder when l(6) is divided by 152.
149
Let p(j) = 3059*j - 798. What is the remainder when p(4) is divided by 44?
42
Let g = 192 + -557. Let v = -355 - g. Let w = 24 + 44. What is the remainder when w is divided by v?
8
Let y(u) = 2*u**2 - 4*u + 6. Let n be (120/32)/(-2 - 86/(-40)). Suppose 11 = -2*s + n. Calculate the remainder when y(s) is divided by 26.
24
Let y = -322 + 295. Let u = y - -200. What is the remainder when u is divided by 30?
23
Let f = 2070 - 2029. Calculate the remainder when 473 is divided by f.
22
Suppose 338*g = 327*g + 1089. What is the remainder when 339 is divided by g?
42
Let s(x) = -x**3 + 18*x**2 - 13*x + 41. Let n be s(18). Let a = -165 - n. What is the remainder when a is divided by (-3)/7 - 354/(-42)?
4
Suppose 0 = -3*m - 7*n + 97 - 17, 2*n + 143 = 3*m. Calculate the remainder when m is divided by -2 + 2/2 - -24.
20
Let k be 1*(-73)/(-3) - 3/9. Suppose -23*q + k*q - 403 = 0. What is the remainder when q is divided by 27?
25
Suppose 0 = -18*b + 16*b + 46. Suppose 0 = -24*v + b*v + 232. What is the remainder when v is divided by 18?
16
Let v = -1427 - -2329. What is the remainder when v is divided by 8?
6
Suppose 245*s - 64882 - 29456 = 162667. What is the remainder when s is divided by 110?
59
Let m = 0 - 0. Suppose -19 = -3*b + 5*a, -16 = -3*b + 2*a - 3. Suppose -b*g + 23 + 88 = m. What is the remainder when 146 is divided by g?
35
Let n(b) = b**3 - 7*b**2 + 45*b - 92. Calculate the remainder when 223 is divided by n(3).
6
Let r = 25271 + -25070. What is the remainder when r is divided by 34?
31
Let r(m) = 301*m**3 + 26*m**2 - 113*m + 61. What is the remainder when r(4) is divided by 101?
99
What is the remainder when 1034 is divided by (8/(-16))/((-10)/((-320)/(-1)))?
10
Suppose k - 494 = 4*h, -2*k + 437 = 4*h - 515. Calculate the remainder when k is divided by 69.
68
Let o = -14477 - -14485. Let w = 11 - 5. What is the remainder when o is divided by (-1 + 3)*w/4?
2
Calculate the remainder when 1614 is divided by (-592)/(-72) - 8 - ((-230)/18 + -3).
14
Suppose 4*u + 47 - 211 = 0. Let l = -7 - -28. Suppose -z - l = -42. Calculate the remainder when u is divided by z.
20
Suppose 497 = 5*b + 4672. Let k = 840 + b. Suppose -4*o - 4*i + 22 = -o, -5*o = -2*i - 28. Calculate the remainder when o is divided by k.
1
Let u(k) = -k - 2. Suppose 60*a - 64*a = 2*l - 4, 4*a = -3*l + 12. Calculate the remainder when l is divided by u(-5).
2
Let p = 32907 + -30092. Calculate the remainder when p is divided by 88.
87
What is the remainder when (-5)/((-10)/132*(-114)/(-190)) is divided by (-1)/3 + (-116)/(-6)?
15
Let j(a) be the first derivative of 5*a**2/2 + 38*a + 5. Suppose -8*m = 10*m - 29*m. Calculate the remainder when 110 is divided by j(m).
34
Suppose -4*o + 28 = 3*o. Suppose o*p = -19*i + 22*i - 131, 27 = i + 2*p. What is the remainder when 103 is divided by i?
29
Suppose -5*d + 11256 = 13*d + 6*d. Calculate the remainder when d is divided by 80.
69
Let i(d) = 10*d**2 - 26*d + 349. What is the remainder when i(12) is divided by 37?
34
Let o = -31 - -22. Let n be (2 - o) + (0 - 0). Let h = n + 0. Calculate the remainder when 75 is divided by h.
9
Let l(v) = -v**3 + 6*v**2 - 5*v + 6. Suppose 5 = -3*q - 4. What is the remainder when (q/(-2))/(-4 + (-945)/(-234)) is divided by l(5)?
3
Let a(y) = -y**3 + 8*y**2 - 54*y + 574. Let d = -101 + 165. Suppose 4*k - d = 288. What is the remainder when k is divided by a(9)?
4
Suppose 3*h - 336 = 3*c, -c + 4 = 10. What is the remainder when h is divided by 25?
6
Let t(l) = -3*l + 11. Let h be t(3). Let p be ((-6)/(-12))/((-1)/h). Calculate the remainder when (-1)/((1/53)/p) is divided by 11.
9
Let q = -3482 + 3782. Calculate the remainder when q is divided by 21.
6
Let t = -2722 - -4135. Suppose 3*s - 12*s + t = 0. Suppose 2*y - 201 = -3*y - u, 2*u = 2*y - 78. What is the remainder when s is divided by y?
37
Let d = 3 - -150. Suppose -2*m + 30 = -2*s, 12*m = 14*m + 4*s - 18. What is the remainder when d is divided by m?
10
Suppose -u + 56 = v, 66 = 181*v - 180*v + 3*u. What is the remainder when 738 is divided by v?
24
Suppose 3*l - 54 = -2*d, 4*d - 7*l - 153 = -45. Calculate the remainder when d is divided by (2/4)/(4/40).
2
Let g be 5*((-3)/15)/((-6)/12). Suppose g = -3*a + 35. Calculate the remainder when a is divided by 3.
2
Let a(r) be the firs